
11
Let o(p) = -8*p + 565. Give o(79).
-67
Let a(u) = u**3 + 11*u**2 - 213*u - 58. Determine a(-21).
5
Let k(r) = 39*r + 13. Calculate k(-2).
-65
Let y(p) = -2*p**3 + 50*p**2 - 174*p + 22. What is y(4)?
-2
Let g(p) = p**3 + 28*p**2 - 14*p + 180. What is g(-28)?
572
Let k(g) = -166*g - 10479. What is k(-63)?
-21
Let o(l) = -2*l**2 + 48*l + 19. Calculate o(18).
235
Let q(b) = -66*b - 573. Determine q(-9).
21
Let h(z) = -1270*z - 71115. Determine h(-56).
5
Let x(n) = -3*n**3 - 13*n**2 + 23*n + 1. Calculate x(-7).
232
Let z(r) = 50*r - 5953. Give z(114).
-253
Let b(q) = 10*q - 15. What is b(5)?
35
Let p(k) = 411*k + 2078. Determine p(-5).
23
Let d(c) = c**2 - 595*c + 15870. What is d(28)?
-6
Let q(a) = 2*a + 554. Give q(-20).
514
Let n(q) = -2*q**3 - 52*q**2 + 25*q - 611. Determine n(-27).
172
Let f(d) = -21*d - 868. Calculate f(-42).
14
Let z(o) = -13*o + 156. Calculate z(16).
-52
Let j(n) = -28*n**2 + 42*n - 121. Calculate j(3).
-247
Let m(i) = 27*i - 93. Determine m(6).
69
Let m(g) = -4*g**2 + 151*g + 231. What is m(39)?
36
Let f(y) = -633*y + 1895. Calculate f(3).
-4
Let k(i) = 17*i**3 - 4*i**2 - 25*i - 7. What is k(-3)?
-427
Let y(s) = 514*s - 78135. Determine y(152).
-7
Let b(n) = n**3 - n**2 - 35*n - 17. Determine b(6).
-47
Let u(h) = -h**3 - 13*h**2 + 15*h + 45. Determine u(-15).
270
Let s(k) = -79*k - 1545. Give s(-20).
35
Let v(i) = i**3 + 9*i**2 - 46*i - 102. Calculate v(-12).
18
Let b(q) = -3*q**2 - 66*q + 52. What is b(-22)?
52
Let m(p) = -423*p + 417. Give m(1).
-6
Let y(r) = -7*r**2 + 44*r + 1. Give y(9).
-170
Let w(g) = g**3 - 10*g**2 + 252*g - 2925. What is w(11)?
-32
Let b(o) = 534*o**2 + 19*o - 14. Give b(1).
539
Let z(b) = b**3 - 27*b**2 + 25*b + 92. Give z(26).
66
Let b(h) = -50*h**3 - 257*h**2 - 26*h - 9. Calculate b(-5).
-54
Let b(p) = -103*p + 8044. What is b(78)?
10
Let a(q) = 20*q**2 + 1746*q + 503. What is a(-87)?
-19
Let p(k) = -k**3 + 8*k**2 - 146*k + 969. Calculate p(7).
-4
Let m(d) = 173*d - 818. Calculate m(4).
-126
Let k(t) = -25*t**2 - 177*t + 192. Give k(1).
-10
Let u(t) = -28*t - 1232. Calculate u(-15).
-812
Let v(y) = -427*y + 2133. What is v(5)?
-2
Let i(y) = y**2 + 485*y + 19814. What is i(-45)?
14
Let h(a) = 862*a - 146542. What is h(170)?
-2
Let g(n) = -3*n**2 + 66*n - 151. What is g(19)?
20
Let h(t) = -360*t + 9361. Determine h(26).
1
Let l(n) = 104*n + 24. What is l(-1)?
-80
Let d(l) = -28*l**3 - 3*l**2 - 9*l + 22. What is d(2)?
-232
Let d(p) = 41*p - 52. Calculate d(1).
-11
Let z(k) = 2*k**3 + 101*k**2 + 13*k - 1851. Give z(-50).
-1
Let f(j) = -46*j**2 + 313*j - 115. What is f(7)?
-178
Let d(b) = -148*b + 55. Determine d(9).
-1277
Let o(u) = 1168*u + 14029. Determine o(-12).
13
Let d(z) = -2008*z + 1994. Determine d(1).
-14
Let j(x) = 1158*x - 33567. Determine j(29).
15
Let d(g) = 59*g + 21. Calculate d(-2).
-97
Let r(s) = -122*s + 100. Determine r(0).
100
Let k(b) = -6*b**2 - 1541*b + 4936. Give k(-260).
-4
Let m(f) = -f**2 + 13*f - 12. What is m(5)?
28
Let j(w) = -2*w**2 - w + 188. Determine j(0).
188
Let d(f) = -f**2 - 64*f - 648. Determine d(-16).
120
Let z(o) = 2*o**3 + 355*o**2 - 179*o - 181. Determine z(-178).
-3
Let h(x) = -6*x - 179. Determine h(-25).
-29
Let k(h) = -2*h**2 - 1439*h + 11650. Determine k(8).
10
Let m(u) = u**2 - u - 93. Calculate m(9).
-21
Let g(a) = 2*a**2 - 103*a + 414. Give g(47).
-9
Let l(k) = k**2 + 20*k - 50. Determine l(-24).
46
Let l(s) = 542*s + 56932. Determine l(-105).
22
Let x(s) = s**2 - 20*s - 1. Calculate x(10).
-101
Let q(d) = 127*d**2 - 5*d - 13. Calculate q(-2).
505
Let p(z) = -z**3 - 58*z**2 + 34*z + 1967. Determine p(-58).
-5
Let b(y) = 15*y + 573. What is b(-39)?
-12
Let s(k) = -k**3 + 5*k**2 - 19*k + 36. What is s(3)?
-3
Let s(j) = 662*j - 4597. Determine s(7).
37
Let f(d) = d**3 - 13*d**2 + 39*d - 24. What is f(4)?
-12
Let w(n) = 7*n**2 - 8*n - 246. Calculate w(0).
-246
Let j(b) = 9*b**2 + 126*b + 220. Give j(-12).
4
Let c(b) = -b**3 - 57*b**2 + 41*b - 662. Calculate c(-58).
324
Let u(b) = 3*b - 57. Determine u(19).
0
Let m(j) = j**2 + 139*j - 3. Calculate m(0).
-3
Let n(l) = l**3 - 53*l**2 - 78*l + 1292. Determine n(54).
-4
Let g(r) = -r**2 - 44*r + 660. What is g(12)?
-12
Let h(f) = -1813*f - 7263. What is h(-4)?
-11
Let u(z) = -z**3 + 42*z**2 + 147*z - 538. Give u(45).
2
Let j(d) = 286*d + 54. What is j(-1)?
-232
Let k(n) = -7*n**2 - 14*n + 53. Calculate k(3).
-52
Let c(t) = 10*t**2 + 52*t + 31. Determine c(-9).
373
Let c(u) = 3*u**3 + 209*u**2 - 84*u - 948. Give c(-70).
32
Let h(w) = 2*w**3 - 5*w**2 + 3*w - 43. What is h(0)?
-43
Let p(j) = -128*j - 366. Calculate p(-3).
18
Let o(k) = -27*k**2 + 427*k - 846. Determine o(2).
-100
Let w(s) = -6*s - 205. Calculate w(-9).
-151
Let a(k) = -24*k**2 + 405*k + 39. What is a(17)?
-12
Let p(l) = 8*l + 19. Calculate p(-6).
-29
Let h(j) = 4*j**2 + 52*j + 47. Determine h(-11).
-41
Let p(f) = f**3 + 17*f**2 - 40*f - 415. Determine p(-18).
-19
Let t(p) = -24*p**2 - 96*p + 2. Determine t(-4).
2
Let y(q) = 7*q**2 - 4*q - 44. Calculate y(-5).
151
Let r(m) = -284*m - 3678. Calculate r(-13).
14
Let x(y) = 11*y**2 + 27*y - 10. Give x(-3).
8
Let b(z) = 469*z + 4733. What is b(-10)?
43
Let z(t) = -10*t - 236. Calculate z(-24).
4
Let r(j) = 14*j**2 - 203*j - 109. Calculate r(15).
-4
Let l(q) = -2*q**3 - 34*q**2 + 32*q + 517. Determine l(-17).
-27
Let w(t) = -t**3 + 10*t + 273. Give w(7).
0
Let x(v) = 4*v**2 + 14*v + 13. Give x(-6).
73
Let s(q) = -1838*q - 1758. Calculate s(-1).
80
Let m(k) = 105*k**2 - 371*k - 199. Give m(4).
-3
Let z(g) = -2*g**3 + 27*g**2 + 9*g + 1151. Give z(16).
15
Let p(z) = 4*z**2 + 36*z - 774. Give p(12).
234
Let j(x) = x**2 - 53*x - 1077. Determine j(69).
27
Let n(z) = -3007*z - 30066. Determine n(-10).
4
Let s(l) = -l**3 + 5*l**2 + 214*l - 218. Give s(1).
0
Let z(s) = -3*s**2 - 74*s - 109. What is z(-20)?
171
Let a(s) = s**3 + 35*s**2 + 8*s + 244. Calculate a(-35).
-36
Let b(j) = -3*j**3 - 19*j**2 + 15*j + 6. Determine b(-7).
-1
Let a(m) = 381*m + 55256. Determine a(-145).
11
Let q(t) = -4*t + 142. Calculate q(-15).
202
Let a(x) = x**3 - 46*x**2 + 270*x - 83. Determine a(39).
-200
Let d(n) = 447*n - 8033. Calculate d(18).
13
Let p(u) = u**3 + 67*u**2 - 198*u + 831. Calculate p(-70).
-9
Let b(y) = y**2 + 33*y - 105. What is b(5)?
85
Let w(z) = -3*z**2 + 59*z - 155. Determine w(16).
21
Let i(n) = -n**3 - 2*n**2 - 19*n - 152. Give i(-5).
18
Let g(c) = -669*c - 8790. Give g(-13).
-93
Let y(k) = -2*k**2 - 37*k - 6. What is y(-21)?
-111
Let b(o) = o**3 + 62*o**2 - 72*o - 8107. Calculate b(-61).
6
Let i(m) = 23*m - 973. Determine i(43).
16
Let n(i) = 2*i**3 + 40*i**2 - 74*i - 725. Calculate n(-21).
-53
Let d(s) = s**2 - 8*s + 122. Calculate d(8).
122
Let y(j) = -174*j - 1196. Calculate y(-7).
22
Let v(x) = 33*x**2 + 153*x - 12. Give v(-5).
48
Let w(y) = y**3 + 106*y**2 - 435*y + 587. What is w(-110)?
37
Let d(g) = -g**3 + 22*g**2 + 39*g - 49. What is d(23)?
319
Let t(o) = 971*o + 5714. Calculate t(-6).
-112
Let k(p) = p**2 - 31*p + 11. Calculate k(14).
-227
Let r(a) = -a**3 + 21*a**2 + 15*a - 261. What is r(21)?
54
Let m(v) = -93*v - 1204. Determine m(-13).
5
Let i(j) = -j**3 + 33*j**2 + 11*j - 259. What is i(33)?
104
Let u(y) = y**2 + 29*y - 117. Give u(-29).
-117
Let a(g) = -62*g - 676. Give a(-11).
6
Let d(i) = 4*i**2 + 620*i - 8733. Determine d(13).
3
Let i(o) = 42*o + 7. Give i(-1).
-35
Let g(n) = 2*n**2 + 151*n + 93. What is g(-75)?
18
Let o(h) = 552*h + 16006. Calculate o(-29).
-2
Let j(a) = -a**3 - 11*a**2 - 48*a - 253. What is j(-9)?
17
Let u(i) = 114*i + 123. What is u(-2)?
-105
Let f(w) = 2*w**2 - 439*w + 2159. Calculate f(5).
14
Let l(v) = v**2 + 41*v - 317. Calculate l(9).
133
Let d(s) = 8*s**3 + 14*s - 30. What is d(2)?
62
Let w(c) = -10*c**3 - 4*c**2 - 6*c. What is w(-3)?
252
Let k(b) = 29*b**2 - 1082*b + 336. Calculate k(37).
3
Let r(s) = 4*s**2 + 31*s - 14. Give r(-6).
-56
Let b(z) = 2*z**2 + 154*z + 633. Determine b(-4).
49
Let d(l) = 422*l + 5903. Give d(-14).
-5
Let v(b) = 107*b - 1081. Give v(10).
-11
Let v(u) = -u**3 - 77*u**2 + 83*u + 345. Determine v(-78).
-45
Let w(d) = -d**3 - 31*d**2 - 36*d - 63. Determine w(-31).
1053
Let f(h) = 3*h**3 + 73*h**2 + 27*h + 105. Give f(-24).
33
Let m(i) = -6*i**3 - 246*i**2 + 787*i + 7. What is m(3)?
-8
Let l(q) = q**3 - 45*q**2 + 93*q - 92. What